 102*(-8)/(-12) - q.
68
Suppose 0 = -4*q - 4*q + 9098 + 3630. Calculate the remainder when q is divided by 20.
11
Let o(s) be the third derivative of -11*s**4/24 - 59*s**3/2 + 2*s**2 - 2*s. Calculate the remainder when o(-29) is divided by 48.
46
Suppose 496*d - 265034 = 342*d. What is the remainder when d is divided by 34?
21
Suppose 169*c - 240353 = 29878. Calculate the remainder when c is divided by 527.
18
Let u be (4/(-8))/((-2)/(-4)). Calculate the remainder when 116 is divided by u + 6 + (-315)/(-9).
36
Suppose -5*u + 382 = 2*o, 4*u + 0*o - 302 = 2*o. Suppose -81*k = -u*k - 135. Suppose -x - 62 = -4*l, 8 = 5*x - 2. What is the remainder when k is divided by l?
11
Let d(t) = -191*t**3 + 10*t**2 + t - 2. Calculate the remainder when d(-1) is divided by 194.
4
Let i(s) be the second derivative of s**4/12 - 25*s**3/6 - 12*s**2 - 133*s. What is the remainder when 57 is divided by i(27)?
27
Suppose -9*k + 40 = -4*k. Let i(d) = -d + 7 + k + 1 - 15. What is the remainder when 32 is divided by i(-5)?
2
Let j(v) = -223*v + 88*v + 71*v + 80*v + 14. Calculate the remainder when j(4) is divided by 21.
15
Suppose 59*n - 26*n - 9669 = 0. Suppose w = -111 + n. Calculate the remainder when w is divided by 27.
20
Suppose -15 = -5*c - 5. Suppose -5*q + 105 = 4*l - 2*q, 5*l - 2*q - 114 = 0. Suppose -8*a = l*a - 128. Calculate the remainder when a is divided by c.
0
Suppose -118 - 106 = -16*v. Let g = 281 - 144. Calculate the remainder when g is divided by v.
11
Suppose -3*n = -n - 8, 4*n = -4*r + 360. Suppose y - 26 = 2*x, 3*x - 604 = -y - 588. What is the remainder when r is divided by y?
20
Calculate the remainder when ((-73)/2)/(7/(420/(-15))) is divided by 68.
10
Let z = 1916 - 1906. What is the remainder when 487 is divided by z?
7
Suppose 22*a - 108*a + 12103 = 47*a. What is the remainder when a is divided by 30?
1
Let i(w) = -17*w - 10. Let r(f) = -16*f - 6. Let q(o) = -6*i(o) + 7*r(o). Calculate the remainder when 300 is divided by q(-2).
34
Suppose -2*p = 4*u - 132, u + 15 = 4*u. Suppose -8*h - 2*j = -1610, -2*h + 53 = 3*j - 362. Calculate the remainder when h is divided by p.
32
Suppose 0 = 5*y + 2*w - 2020, -3*y - 2*y - 3*w = -2020. Calculate the remainder when y is divided by (-14)/(-2)*(10*2 + (-5000)/280).
14
Let m be (-4)/(-6)*(-450)/(-100). What is the remainder when 2/5*(m - -322) is divided by 19?
16
Let u = -1881 + 2540. What is the remainder when u is divided by 33?
32
Suppose 119*z + 126 = 113*z + 498. Calculate the remainder when 1357 is divided by z.
55
Suppose -4140 = -187*k + 169*k. What is the remainder when k is divided by 77?
76
Let c = -126 + 123. Calculate the remainder when (5/5)/(((-3)/169)/c) is divided by 19.
17
What is the remainder when (-16)/(-48)*-9 - (-260 + 1 + -2) is divided by 225?
33
Suppose -5*b + 45 = 4*b. Let w(k) = -k**3 + 7*k**2 - 7*k - 7. Let y be w(b). Suppose y*n + 11 = 75. What is the remainder when n is divided by 7?
1
Suppose z + 5*t = 134, 2*z - 286 = -11*t + 7*t. What is the remainder when 1372 is divided by z?
31
Suppose -7*a = -3*a + 5*j - 48, 0 = 3*a + 3*j - 33. Suppose -8*s = -5*s - 90. What is the remainder when s is divided by a?
2
Let i(d) = -7*d - 95. Let p be i(7). Let f = 320 + p. What is the remainder when f is divided by 36?
32
Calculate the remainder when (3 - 4)*-341 - 7 is divided by 91.
61
Suppose -5*f + k = -1354, 2*f + 2*k - 1086 = -2*f. What is the remainder when f is divided by -21*(26/(404 - 14) + (-4)/10)?
5
Let r(t) = -230*t**3 + 6*t**2 + 12*t + 3. What is the remainder when 697 is divided by r(-1)?
16
Let n be ((-200)/(-60) + 2/(-3))*3. Let z(b) = -b**2 + 12*b + 67. Calculate the remainder when z(n) is divided by 37.
25
Suppose 0 = -2*j + 3*j + 11. Let q = -8 - j. What is the remainder when -2*(q - 4) - -39 is divided by 15?
11
Suppose 0 = 13*b - 9*b - 40. Suppose -b = -c - 47. Let h = c - -64. Calculate the remainder when 80 is divided by h.
26
Calculate the remainder when 2 - (-2576)/92*65/2 is divided by 17.
11
Let c = 5 - 7. Let p = 8974 + -8931. Calculate the remainder when p is divided by (-21)/(-3) + (c - 0).
3
Suppose -2492 - 13278 = -90*m - 3980. Calculate the remainder when 1531 is divided by m.
90
Let i(c) = 29*c - 3257. What is the remainder when 95 is divided by i(113)?
15
Let a be (-3)/2 - 14708/8. What is the remainder when a/(-25) + 4/10 is divided by (-4)/(-1)*(108/16 - 2)?
17
What is the remainder when (1/4*-127)/(27/(-108)) is divided by 5?
2
Suppose -4*o + 3 = -3*o. Suppose o*v - 17 = -5. Calculate the remainder when (0 - -300)/v + (-2 - 0) is divided by 38.
35
Calculate the remainder when ((-104)/12)/((-2)/60) is divided by (-110)/40*-3*4.
29
Let t(z) = -24 - 6*z - 4*z - 2*z - 2*z. Calculate the remainder when 35 is divided by t(-3).
17
Suppose 39517*v = 39532*v - 105. What is the remainder when 698 is divided by v?
5
Let c(b) = 68 + 26*b - 6*b + 479*b**2 - 474*b**2. Calculate the remainder when c(-12) is divided by 50.
48
Suppose 0 = -4*c - 20 + 36. Suppose -3*a - 12 = 3*n, 0 = 5*n + c*a + 20 - 4. Suppose -3*f + 84 + 87 = n. What is the remainder when f is divided by 16?
9
Let w = -5 + 18. Let r(c) = c**3 - 11*c**2 - 19*c + 22. Calculate the remainder when r(w) is divided by 29.
26
Suppose 39 = -14*o + 851. Suppose -4*v = -4*u + 75 - 7, 45 = 3*u + 3*v. Calculate the remainder when o is divided by u.
10
Suppose -3*v + 21 = 3*b, 3*b - 4*v - 8 = 4*b. Suppose -r + 38 = -3*f, -f + 130 = 4*r - 2*f. Let x = r - -26. What is the remainder when x is divided by b?
10
Suppose -29*c + 24*c = -20. Suppose 25 = 3*q - c*m, 4 + 20 = 2*q + m. Calculate the remainder when 115 is divided by q.
5
Let u = 339 + -313. Suppose u = 3*k + m, -3*m + 2 = 14. Calculate the remainder when 54 is divided by k.
4
Suppose -5*o = -4*h - 1935, o - 3*h - 387 = -h. Let g(c) = 557*c + 6723. Calculate the remainder when o is divided by g(-12).
36
Suppose -3*i = -6*y + 3*y + 3, 4*y - i = 10. Suppose -y + 23 = 2*g - 4*d, 4*g - 28 = 2*d. Calculate the remainder when 208 is divided by g.
4
Let r(h) = -h**3 - 3*h**2 + 2*h - 7. Let s = -63326 - -63345. Calculate the remainder when r(-5) is divided by s.
14
Let x(z) = -z**3 - 6*z**2 + z + 9. Let g = 78 + -84. Let u be x(g). Suppose -7 = -y + r + u, 2*y = -5*r + 6. What is the remainder when 52 is divided by y?
4
Suppose 285 - 105 = 4*r. Suppose -2*y + 3*c + 433 = 0, -3*y + c = -340 - 313. What is the remainder when y is divided by r?
38
Let z be 6/1*(-114)/(-9). Suppose -7*d + 11*d = z. Let q = 59 - 55. Calculate the remainder when d is divided by q.
3
Let h = -107 + 121. Calculate the remainder when 152 is divided by -13 + h + -6 - (-53 - 0).
8
Let i = 3391 - 3320. Calculate the remainder when 554 is divided by i.
57
Let u(j) = -j + 7*j - 5*j + 2*j - 3. Let b be u(2). Suppose -3*n + 40 = 2*p, 2*p + 30 + 14 = b*n. What is the remainder when n is divided by 5?
4
Let b = -1510 - -2610. What is the remainder when b is divided by 544?
12
Suppose -86475 + 54396 = -37*h. Calculate the remainder when h is divided by 60.
27
Suppose 5*r = -25, 2*r - 7 + 22 = -g. What is the remainder when 1/g - (-22704)/220 is divided by 26?
25
What is the remainder when ((-1653)/228)/((-4)/(-120))*(-12)/15 is divided by (-178)/(-4) - (-2)/(-4)?
42
Let p = -47849 - -47935. Let t = -2 + 13. Calculate the remainder when p is divided by t.
9
Suppose 11*h - 902 = 9548. Calculate the remainder when h is divided by 14.
12
Let v be (-3 + (-17)/(-5))*5. Suppose -16*r - q + 653 = -12*r, 3*q = 3*r - 486. What is the remainder when r is divided by 1*4/v - -13?
13
Let z(t) = 2*t**2 + 17*t - 54. Suppose 14*m = -11*m + 275. What is the remainder when z(-12) is divided by m?
8
Suppose -15*p + 1844 - 599 = 0. Calculate the remainder when p is divided by (-4 + (1 - -4))*(11 - 1).
3
Let i = -610 + 687. Suppose 24 = -g + i. Calculate the remainder when g is divided by 13.
1
Suppose -6*l + 4*y - 876 = -9*l, 0 = -3*l + 3*y + 834. What is the remainder when l is divided by 16?
12
Suppose 0 = -3*q + 16*q - 5161. Let z = q + -374. What is the remainder when 206 is divided by z?
22
Suppose -15*h - 1568 = -h. Let m = 118 + h. What is the remainder when m is divided by 1?
0
Suppose 4*y - 3*y + 10 = 0. Calculate the remainder when (5 - 1 - 8)/((-6)/39) is divided by (-12 + 5)*y/7.
6
Let z(b) = -b**3